{"id":49,"date":"2016-10-13T22:14:53","date_gmt":"2016-10-13T22:14:53","guid":{"rendered":"https:\/\/www.digicomm.ro\/digicomm\/business\/?page_id=49"},"modified":"2021-09-13T19:18:52","modified_gmt":"2021-09-13T19:18:52","slug":"contact","status":"publish","type":"page","link":"https:\/\/www.digicomm.ro\/business\/contact\/","title":{"rendered":"Contact"},"content":{"rendered":"<p><strong>Sovata<\/strong><br>\nstr. Principal\u0103 nr. 168\/A, Jude\u021bul Mure\u0219.<br>\nDe luni p\u00e2n\u0103 vineri \u00eentre 8 \u0219i 16 \u0219i s\u00e2mb\u0103ta \u00eentre 9 \u0219i 13.<\/p>\n<p><strong>Praid<\/strong><br>\nStrada Principal\u0103 nr. 1081, Jude\u021bul Harghita.<br>\nDe luni p\u00e2n\u0103 vineri \u00eentre 8 \u0219i 16.<\/p>\n<p><strong>Corund<\/strong><br>\nStrada K\u00f3rh\u00e1z nr. 595\/A, Jude\u021bul Harghita.<br>\nDe luni p\u00e2n\u0103 vineri \u00eentre 8 \u0219i 16.<\/p>\n\n\n<p>Societatea Digi Communication este o societate cu r\u0103spundere limitat\u0103, cu sediul social \u00een localitatea Sovata, str. Petofi Sandor bl. H sc, 2. ap 3. Numele reprezentantului legal este Varro Janos, care de\u021bine func\u021bia de administrator al societ\u0103\u021bii comerciale. Structura ac\u021bionariatului este format din doua persoane fizice, Varro Janos \u0219i Kupas Janos, cu p\u0103r\u021bi sociale \u00een cuantum de c\u00e2te 50% fiecare. Conducerea societ\u0103\u021bii este asigurata de administratorul legal, Varro Janos, care \u00ee\u015fi asum\u0103, \u00een principal, responsabilitatea editorial\u0103.<\/p>\n\n\n\n<p>Societatea comercial\u0103 Digi Communication SRL de\u021bine licen\u021ba regionala de televiziune pentru Sovidek HD, autorizat de c\u0103tre CNA, care este autoritatea de reglementare \u0219i control \u00een domeniul audiovizualului.<\/p>\n\n\n\n<p>Ccoordonatele furnizorului de servicii mass-media:<\/p>\n\n\n\n<p>Adresa po\u0219tal\u0103: 545500, Sovata, cart. Petofi Sandor, H2\/3, adresa electronica: office@digicomm.ro, pagina web: https:\/\/digicomm.ro (\u00een limba rom\u00e2n\u0103), https:\/\/sovidek.tv (\u00een limba maghiara)<\/p>\n","protected":false},"excerpt":{"rendered":"<p>Sovata str. Principal\u0103 nr. 168\/A, Jude\u021bul Mure\u0219. De luni p\u00e2n\u0103 vineri \u00eentre 8 \u0219i 16 \u0219i s\u00e2mb\u0103ta \u00eentre 9 \u0219i 13. Praid Strada Principal\u0103 nr. 1081, Jude\u021bul Harghita. De luni&hellip;<\/p>\n","protected":false},"author":1,"featured_media":0,"parent":0,"menu_order":0,"comment_status":"closed","ping_status":"closed","template":"template_contact.php","meta":[],"yoast_head":"<!-- This site is optimized with the Yoast SEO plugin v15.1.1 - https:\/\/yoast.com\/wordpress\/plugins\/seo\/ -->\n<meta name=\"robots\" content=\"index, follow, max-snippet:-1, max-image-preview:large, max-video-preview:-1\" \/>\n<link rel=\"canonical\" href=\"https:\/\/www.digicomm.ro\/business\/contact\/\" \/>\n<meta property=\"og:locale\" content=\"ro_RO\" \/>\n<meta property=\"og:type\" content=\"article\" \/>\n<meta property=\"og:title\" content=\"Contact - DIGICOMM Business\" \/>\n<meta property=\"og:description\" content=\"Sovata str. Principal\u0103 nr. 168\/A, Jude\u021bul Mure\u0219. De luni p\u00e2n\u0103 vineri \u00eentre 8 \u0219i 16 \u0219i s\u00e2mb\u0103ta \u00eentre 9 \u0219i 13. Praid Strada Principal\u0103 nr. 1081, Jude\u021bul Harghita. De luni&hellip;\" \/>\n<meta property=\"og:url\" content=\"https:\/\/www.digicomm.ro\/business\/contact\/\" \/>\n<meta property=\"og:site_name\" content=\"DIGICOMM Business\" \/>\n<meta property=\"article:modified_time\" content=\"2021-09-13T19:18:52+00:00\" \/>\n<meta name=\"twitter:card\" content=\"summary\" \/>\n<!-- \/ Yoast SEO plugin. -->","_links":{"self":[{"href":"https:\/\/www.digicomm.ro\/business\/wp-json\/wp\/v2\/pages\/49"}],"collection":[{"href":"https:\/\/www.digicomm.ro\/business\/wp-json\/wp\/v2\/pages"}],"about":[{"href":"https:\/\/www.digicomm.ro\/business\/wp-json\/wp\/v2\/types\/page"}],"author":[{"embeddable":true,"href":"https:\/\/www.digicomm.ro\/business\/wp-json\/wp\/v2\/users\/1"}],"replies":[{"embeddable":true,"href":"https:\/\/www.digicomm.ro\/business\/wp-json\/wp\/v2\/comments?post=49"}],"version-history":[{"count":1,"href":"https:\/\/www.digicomm.ro\/business\/wp-json\/wp\/v2\/pages\/49\/revisions"}],"predecessor-version":[{"id":233,"href":"https:\/\/www.digicomm.ro\/business\/wp-json\/wp\/v2\/pages\/49\/revisions\/233"}],"wp:attachment":[{"href":"https:\/\/www.digicomm.ro\/business\/wp-json\/wp\/v2\/media?parent=49"}],"curies":[{"name":"wp","href":"https:\/\/api.w.org\/{rel}","templated":true}]}}